 + 128 - 53 - (-2 - -104)) + -2.
-102
4 - (20 - -1 - (-56 + 112))
39
Evaluate -40 - ((8 - 41) + -43 + 57).
-21
-26 + 53 + 3 - 61 - -17
-14
What is 3 + (6 - -13) + 10 + (-6 - -15) + 7?
48
What is the value of 156 - (328 + -96 - 46)?
-30
(-5 - (2 + -2)) + -2 + -22
-29
Calculate -16 - -10 - (196 + -238).
36
What is -16 - (36 + (3 + -8 - -10))?
-57
What is 22 - (-1 + 10 + (-13 - (0 + -5)))?
21
Evaluate 0 + (-11 + 2 - (17 + -11 + -6)) - 21.
-30
Calculate (-1 + 54 - -8) + (-3 - (5 + -6)).
59
Calculate (-6 - (1 + -4)) + -5 - (0 - (25 + 14)).
31
What is 3 - -6 - (3 - -5) - -16?
17
Evaluate 72 + -10 + 217 + -288 + 1 + 117.
109
What is the value of -15 - -10 - (1 + (-20 - -13) - -7)?
-6
Evaluate 39 + 50 + -64 + -57.
-32
Evaluate 4 + -8 + 17 + -27 + -3 + 21.
4
What is the value of (7 - (54 - 0)) + (2 - (4 + 12) - -8)?
-53
What is -60 + -3 + -2 - (-6 + 9 + 16 - 19)?
-65
What is -65 + (28 - 64) + (42 - 38)?
-97
Calculate -2783 - -2781 - (13 + -1).
-14
83 + (6 - -16 - -1) + (-3 - 5)
98
Evaluate 13 + 7 - (-16 - (-18 - -27)).
45
What is the value of 95 + (5 - 1) + -26 + 7 + 3?
83
Calculate -12 - (-2 + -6) - (2 - (5 - 3)) - -23.
19
Calculate 148 + -58 + -133 - (-17 + 1 + 1).
-28
-13 - 36 - (-256 - -187)
20
Calculate 1 + (-49 - 2) - ((15 - (35 + -9)) + 7).
-46
Calculate (1 - -1) + -3 + 10 + (-9 + 22 - -42).
64
Evaluate -10 + 4 - (14 + -2 + -8 + 4).
-14
63 - (65 - (20 + 4 - -10))
32
Evaluate 6 + 46 + 0 - 95.
-43
75 + (6 - 66) + (-8 - 0)
7
What is the value of -12 + -1 + (-77 - -172) + -93?
-11
What is the value of -44 - ((-25 + 2 - -12) + -11 + 9)?
-31
Calculate -3 - ((-71 - -2) + -153 + 149).
70
Evaluate (8 + -7 - (0 - 0)) + -57 + (45 - 23).
-34
What is -21 + -17 - (4 + (-7 - -3))?
-38
What is the value of (-92 - (150 + -239)) + (56 - -5) + 0 + 3?
61
-15 - -17 - 9 - (10 - -2)
-19
Evaluate 14 + -1 + 8 + (-473 - -509).
57
What is the value of (-103 + 51 - -51) + (-1 - 4) + 1?
-5
What is the value of (-3 - -23) + 31 + -16 + -43?
-8
Calculate -5302 + 5397 + 2 + -40.
57
What is (-22 - (35 + -115)) + 23?
81
(-5 - -16) + (7 - 21 - (-1 - 53))
51
What is the value of ((-9 - -4) + 4 - 0) + -1 + (6 - -23)?
27
What is 114 - (5 - (-17 - -26 - -2) - -16)?
104
Evaluate 43 + -38 - 13 - (1 + (-110 - 0) + -2).
103
What is -7 - (11 - -1 - (117 + (-107 - -102)))?
93
What is the value of (41 - 26) + (3 - (2 - -4)) + 5 + 52?
69
What is the value of -1 + (-5 - -2) + -107 + 116 + -34?
-29
What is the value of -23 - -43 - (-91 + 73 - (-20 - -2))?
20
What is 3406 + -3552 + 6 + 4?
-136
(14 - 1 - (-68 + 84)) + 0 - -29
26
Evaluate -2 + 4 + 83 + (14 - -33) + -131 + 86.
87
What is (-90 - (-89 - -29)) + 11 + 30?
11
Calculate (8 - -2) + -3 - ((19 - (8 + -14)) + -76).
58
What is the value of (-82 - (59 + -155)) + (-5 + 0 - 74)?
-65
Evaluate 958 + -1011 + (1 - 1).
-53
What is the value of -6 - (1 + (-11 - -12)) - -57 - 2?
47
What is -1 - (-4 - -47) - (6 - (41 + -18 + -11))?
-38
-1 + (-23 - -3) + (-471 - -478)
-14
Evaluate (8 - 14) + 10 - (49 + -14 + 27).
-58
58 - (-96 - -104) - 63
-13
Evaluate 22 + 0 + -194 + 25 + 36 - (0 + -1).
-110
Evaluate (20 + 2 - 21) + 11 + -43.
-31
What is the value of (58 - 9) + -62 - -30?
17
What is the value of -10 + -50 - (-167 - -131)?
-24
What is 292 + -256 + (-1 - 29)?
6
Evaluate (-17 - (-5 + 1) - (-11 + -2)) + -16.
-16
Calculate 15 - ((-67 - -71) + (3 - (1 - 4))).
5
(-30 - (-29 + (1 - 55))) + 21
74
Evaluate (-3 + 0 - 59) + (-269 - -287).
-44
Calculate -13 + 1 + 194 + -13 + -206.
-37
What is the value of -38 + 51 + (4 - 1)?
16
Evaluate 2 + -52 + -4538 + 4636.
48
Calculate (-1 - -6) + (-12 - (-58 + 59)) - -32.
24
Evaluate (-2 + -21 - (0 + 0)) + 2303 + -2369.
-89
Calculate 29 + (-2 - -2) - (6781 + -6777).
25
29 + -1 + 4 + -14 - 14 - -32
36
What is -2 + -4 - (2 + -4) - (-117 - (90 - 206))?
-3
Calculate 79 + 1 - ((57 - 20 - 12) + -25 + -11).
91
What is the value of (33 - 76 - 27) + (3 - 3)?
-70
What is the value of (-27 + 10 - -6) + -4 + (22 - -103) + -25?
85
What is 8 + -169 - (-1186 - -1113)?
-88
Evaluate (-94 - -82) + 24 + -74 + (-3 - -2).
-63
Evaluate 13 - (9 - (-2 + 12 - (-3 - -14))).
3
What is (103 - (267 + -277 - (2 + -16))) + (8 - -2)?
109
What is -24 + -20 - (-9 + 2 + 4 + 9)?
-50
Calculate -53 + (32 + -65 - -31).
-55
Calculate (-48 + 47 + (0 - -3) - -7) + -20 + -3.
-14
Calculate -28 - (-6 - -4) - 4 - (-5 + 44 + -35).
-34
14 - (5 + -3 - -35 - 26)
3
Calculate 34 + -20 + 6 + -61.
-41
What is the value of -1 + 47 - (-1 - ((-27 - -27) + -1))?
46
What is 81 - (87 + -24) - (-2 + -19)?
39
What is 28 - 35 - (5 - (12 - 5))?
-5
Calculate -14 + (5 - (3 + (-13 - -15))) + -39.
-53
-24 - (-22 + 11 + 4) - 20
-37
What is the value of (5 - (0 - (3 - 4))) + 7 + -6 + -7?
-2
(-1 - (133 - 166)) + (0 - 4) + 2 + -1
29
Calculate -14 + 19 - (55 - (1 - (1 + -1 + 1))).
-50
Calculate -9 + 49 + -50 + 68.
58
Calculate -1 - (-2 + 5) - (-165 - -132).
29
Evaluate -7 + -78 + (290 - 278) + 13 + -3.
-63
Evaluate (0 - (25 - -86)) + 58.
-53
-4 + (-21 - -7) - 2 - 3
-23
Evaluate (48 - (7 + 17) - 10) + -16.
-2
What is (46 - 46) + (-10 - -12 - (3 + (-5 - -6)))?
-2
What is the value of 0 + 19 - (-8 + 5 + 21 + -5) - 85?
-79
Evaluate (-19 - (-8 - -11 - 12)) + 2 + 64 + -8.
48
12 + -25 + (48 - 13) + -47 + -1
-26
What is (13 - 39 - 14 - 31) + 2?
-69
What is -23 - (24 - 51) - (-1 + -12)?
17
What is the value of -54 + 95 - 0 - 46?
-5
Evaluate 8 + 2 + -3 - (1694 + -1678).
-9
What is 6 - ((-1 - (9 + 5 + -4 + -51)) + 7)?
-41
Evaluate 73 - (-12 - (-31 - (-20 - -12))).
62
What is the value of -4 - 11 - (-11 + 9 + -21)?
8
(9 + 8 - 7) + 51 + -2 - 14
45
9 - (2 + -7 + -16 + 21)
9
Evaluate 13 + 0 + (3 - ((15 - -2) + -18)).
17
Calculate -4 + (-3 - -25 - (16 - 21)) + 0 + -6.
17
Calculate -129 - (-256 - -112) - 59.
-44
What is the value of 44 + 1 - (-2352 + 2375)?
22
Calculate 87 + (-42 - (-55 - -61)).
39
What is the value of (-27 - (-5 + (0 - 15))) + (0 - 3) + 85?
75
Evaluate -31 + (-42 - -56) + -1 + 9.
-9
Calculate -100 + 21 - -74 - (-66 - (1 - 2)).
60
-36 + 30 + -7 + 9
-4
Calculate 489 - 492 - (5 + (1 - (1 + -2))) - 15.
-25
What is 31 + -35 + -6 + 45 - 15?
20
Calculate -15 + -11 - (-36 - 10 - 8).
28
What is (-3 - -3 - 42) + -20 + (34 + -22 - -7)?
-43
What is -4 - (-4 - (3 - 13)) - -8 - (-19 + 64)?
-47
What is -72 + (-3 - 11) - (14 + -15)?
-85
51 + (-88 - (6 + -6))
-37
What is (38 + -143 - -61) + 109?
65
What is the value of (-16 - 27) + 28 - 36?
-51
Calculate (-14 - (1 - 0 - (-28 - -28))) + -4.
-19
What is the value of 17 + 25 + -47 - (4 - (0 + (3 - 3)))?
-9
Evaluate 54 + -2 + 2 + 10 + 40 + -47.
57
Evaluate 18 + -8 + -8 + (-44 - (-165 - -18)).
105
38 + (60 - 21) - 2
75
-50 + 51 + 7 - (-22 + -4)
34
What is (4 - (6 + -2)) + -13 + 3 - (8 - 34)?
16
Calculate 5 - (18 - (4 - (20 - 41))) - 45.
-33
What is the value of (113 - 99 - 11) + -11 + -1?
-9
What is -55 - -53 - -26 - 46?
-22
-142 - ((-62 + 20 - -15) + 5)
-120
Evaluate (12754 - 12936) + 103 + 1.
-78
Calculate -36 + -3 - (-25 - 3) - (-84 + (-2 - -4)).
71
Calculate 41 - (-33 + 81 + 15).
-22
Evaluate 44 + -40 + -17 + 18 - (-3 - -1 - -13).
-6
Evaluate (-11 - 6 - 19) + (-189 - -265).
40
Calculate (-10 - (82 + -6)) + 15 + -24.
-95
-102 + 47 + 63 + (-1 - 7)
0
32 + -3 + -17 + (13 - -17)
42
19 - (-11 + (25 - 37))
42
Evaluate 70 - (10 + -31 + -2 - -32).
61
64 + -63 + 6 + 37
44
Evaluate -30 - 76 - (4 - (13 - (0 + 7))).
-104
Calculate -31 + (139 - 117) + (1 - 25).
-33
What is the value of -41 + (11 - ((-187 - -178) + (8 - -2)))?
-31
What is (-126 + 152 - -77 - (17 + 0)) + -18?
68
Evaluate 7 - 5 - 0 - (-21 - -16) - 6.
1
What is the value of 56 + (-2 - 26) + 29 + -5?
52
Evaluate (-10 - (-14 - 22)) + -15 + -4 + -2 - 27.
-22
3 - (-13 - 7 - 15 - -15)
23
Calculate ((-19 - -43) + -54 - (-1 + -6) - -6) + -10.
-27
124 + -55 - 26 - 63
-20
What is -22 + -33 - (0 + -42)?
-13
115 + -95 + -130 + 131
21
What is the value of 5 - (-2 + 0) - (-7660 - -7670)?
-3
What is the value of 108 + -16 - (7 + 3 + 16)?
66
What is (-48 - (25 + -84) - (-2 - -1 - -20)) + -16?
-24
(-29 - (-5 + 126)) + (59 - 46)
-137
What is the value of (0 - (-7 + 10)) + (-66 - -12 - -11)?
-46
Calculate 6 + 74 + -107 + 55 + (0 - 12).
16
Calculate -82 + -33 + (7 + -12 - -1 - -16).
-103
What is the value of (26 - -23 - 43 - 2) + (-1 - 0 - -48)?
51
79 + -38 + (-15 - -6) + -61
-29
Evaluate -88 - ((-49 - 4) + 1).
-36
What is (-1 - -